66.249.66.2 - - [15/Jan/2026:08:34:02 -0500] "GET /products/21603658 HTTP/1.1" 200 23631 "-" "Mozilla/5.0 (Linux; Android 6.0.1; Nexus 5X Build/MMB29P) AppleWebKit/537.36 (KHTML, like Gecko) Chrome/143.0.7499.192 Mobile Safari/537.36 (compatible; Googlebot/2.1; +http://www.google.com/bot.html)"
66.249.66.32 - - [15/Jan/2026:08:34:25 -0500] "GET /products/11862058 HTTP/1.1" 200 22948 "-" "Mozilla/5.0 (Linux; Android 6.0.1; Nexus 5X Build/MMB29P) AppleWebKit/537.36 (KHTML, like Gecko) Chrome/143.0.7499.192 Mobile Safari/537.36 (compatible; Googlebot/2.1; +http://www.google.com/bot.html)"
66.249.66.64 - - [15/Jan/2026:08:34:36 -0500] "GET /products/19752981 HTTP/1.1" 200 25217 "-" "Mozilla/5.0 (Linux; Android 6.0.1; Nexus 5X Build/MMB29P) AppleWebKit/537.36 (KHTML, like Gecko) Chrome/143.0.7499.192 Mobile Safari/537.36 (compatible; GoogleOther)"
66.249.66.12 - - [15/Jan/2026:08:34:52 -0500] "GET /products/19018803 HTTP/1.1" 200 24881 "-" "Mozilla/5.0 (Linux; Android 6.0.1; Nexus 5X Build/MMB29P) AppleWebKit/537.36 (KHTML, like Gecko) Chrome/143.0.7499.192 Mobile Safari/537.36 (compatible; GoogleOther)"
66.249.66.13 - - [15/Jan/2026:08:35:06 -0500] "GET /products/21305170 HTTP/1.1" 200 24161 "-" "Mozilla/5.0 (Linux; Android 6.0.1; Nexus 5X Build/MMB29P) AppleWebKit/537.36 (KHTML, like Gecko) Chrome/143.0.7499.192 Mobile Safari/537.36 (compatible; Googlebot/2.1; +http://www.google.com/bot.html)"
66.249.66.12 - - [15/Jan/2026:08:35:17 -0500] "GET /products/21073425 HTTP/1.1" 200 24708 "-" "Mozilla/5.0 (Linux; Android 6.0.1; Nexus 5X Build/MMB29P) AppleWebKit/537.36 (KHTML, like Gecko) Chrome/143.0.7499.192 Mobile Safari/537.36 (compatible; GoogleOther)"
66.249.66.161 - - [15/Jan/2026:08:35:20 -0500] "GET /products/7799347 HTTP/1.1" 200 23238 "-" "Mozilla/5.0 (Linux; Android 6.0.1; Nexus 5X Build/MMB29P) AppleWebKit/537.36 (KHTML, like Gecko) Chrome/143.0.7499.192 Mobile Safari/537.36 (compatible; GoogleOther)"
66.249.66.45 - - [15/Jan/2026:08:35:31 -0500] "GET /products/22236669 HTTP/1.1" 200 23639 "-" "Mozilla/5.0 (Linux; Android 6.0.1; Nexus 5X Build/MMB29P) AppleWebKit/537.36 (KHTML, like Gecko) Chrome/143.0.7499.192 Mobile Safari/537.36 (compatible; GoogleOther)"
66.249.66.160 - - [15/Jan/2026:08:35:44 -0500] "GET /products/21073425 HTTP/1.1" 200 24708 "-" "Mozilla/5.0 (Linux; Android 6.0.1; Nexus 5X Build/MMB29P) AppleWebKit/537.36 (KHTML, like Gecko) Chrome/143.0.7499.192 Mobile Safari/537.36 (compatible; Googlebot/2.1; +http://www.google.com/bot.html)"
66.249.66.45 - - [15/Jan/2026:08:36:12 -0500] "GET /products/21452803 HTTP/1.1" 200 23971 "-" "Mozilla/5.0 (Linux; Android 6.0.1; Nexus 5X Build/MMB29P) AppleWebKit/537.36 (KHTML, like Gecko) Chrome/143.0.7499.192 Mobile Safari/537.36 (compatible; GoogleOther)"
66.249.66.160 - - [15/Jan/2026:08:36:12 -0500] "GET /products/30380892 HTTP/1.1" 200 23878 "-" "Mozilla/5.0 (Linux; Android 6.0.1; Nexus 5X Build/MMB29P) AppleWebKit/537.36 (KHTML, like Gecko) Chrome/143.0.7499.192 Mobile Safari/537.36 (compatible; Googlebot/2.1; +http://www.google.com/bot.html)"
66.249.66.33 - - [15/Jan/2026:08:36:38 -0500] "GET /products/12348792 HTTP/1.1" 200 22873 "-" "Mozilla/5.0 (Linux; Android 6.0.1; Nexus 5X Build/MMB29P) AppleWebKit/537.36 (KHTML, like Gecko) Chrome/143.0.7499.192 Mobile Safari/537.36 (compatible; GoogleOther)"
66.249.66.2 - - [15/Jan/2026:08:37:02 -0500] "GET /products/19098370 HTTP/1.1" 200 23816 "-" "Mozilla/5.0 (Linux; Android 6.0.1; Nexus 5X Build/MMB29P) AppleWebKit/537.36 (KHTML, like Gecko) Chrome/143.0.7499.192 Mobile Safari/537.36 (compatible; GoogleOther)"
66.249.66.193 - - [15/Jan/2026:08:37:17 -0500] "GET /products/26498558 HTTP/1.1" 200 24734 "-" "Mozilla/5.0 (Linux; Android 6.0.1; Nexus 5X Build/MMB29P) AppleWebKit/537.36 (KHTML, like Gecko) Chrome/143.0.7499.192 Mobile Safari/537.36 (compatible; Googlebot/2.1; +http://www.google.com/bot.html)"
66.249.66.64 - - [15/Jan/2026:08:37:18 -0500] "GET /products/15504536 HTTP/1.1" 200 23057 "-" "Mozilla/5.0 (Linux; Android 6.0.1; Nexus 5X Build/MMB29P) AppleWebKit/537.36 (KHTML, like Gecko) Chrome/143.0.7499.192 Mobile Safari/537.36 (compatible; GoogleOther)"
66.249.66.2 - - [15/Jan/2026:08:37:21 -0500] "GET /products/10646336 HTTP/1.1" 200 23531 "-" "Mozilla/5.0 (Linux; Android 6.0.1; Nexus 5X Build/MMB29P) AppleWebKit/537.36 (KHTML, like Gecko) Chrome/143.0.7499.192 Mobile Safari/537.36 (compatible; GoogleOther)"
66.249.66.165 - - [15/Jan/2026:08:37:29 -0500] "GET /products/12017825 HTTP/1.1" 200 23139 "-" "Mozilla/5.0 (Linux; Android 6.0.1; Nexus 5X Build/MMB29P) AppleWebKit/537.36 (KHTML, like Gecko) Chrome/143.0.7499.192 Mobile Safari/537.36 (compatible; GoogleOther)"
54.39.136.90 - - [15/Jan/2026:08:38:05 -0500] "GET /sitemap.xml HTTP/1.1" 403 0 "-" "Mozilla/5.0 (compatible; AhrefsBot/7.0; +http://ahrefs.com/robot/)"
66.249.66.45 - - [15/Jan/2026:08:38:16 -0500] "GET /products/26478092 HTTP/1.1" 200 23549 "-" "Mozilla/5.0 (Linux; Android 6.0.1; Nexus 5X Build/MMB29P) AppleWebKit/537.36 (KHTML, like Gecko) Chrome/143.0.7499.192 Mobile Safari/537.36 (compatible; GoogleOther)"
66.249.66.196 - - [15/Jan/2026:08:38:22 -0500] "GET /products/12017825 HTTP/1.1" 200 23139 "-" "Mozilla/5.0 (Linux; Android 6.0.1; Nexus 5X Build/MMB29P) AppleWebKit/537.36 (KHTML, like Gecko) Chrome/143.0.7499.192 Mobile Safari/537.36 (compatible; Googlebot/2.1; +http://www.google.com/bot.html)"
66.249.66.33 - - [15/Jan/2026:08:38:24 -0500] "GET /products/11799170 HTTP/1.1" 200 22783 "-" "Mozilla/5.0 (Linux; Android 6.0.1; Nexus 5X Build/MMB29P) AppleWebKit/537.36 (KHTML, like Gecko) Chrome/143.0.7499.192 Mobile Safari/537.36 (compatible; GoogleOther)"
66.249.66.1 - - [15/Jan/2026:08:38:33 -0500] "GET /products/22727170 HTTP/1.1" 200 23793 "-" "Mozilla/5.0 (Linux; Android 6.0.1; Nexus 5X Build/MMB29P) AppleWebKit/537.36 (KHTML, like Gecko) Chrome/143.0.7499.192 Mobile Safari/537.36 (compatible; GoogleOther)"
66.249.66.12 - - [15/Jan/2026:08:38:49 -0500] "GET /products/12054547 HTTP/1.1" 200 22668 "-" "Mozilla/5.0 (Linux; Android 6.0.1; Nexus 5X Build/MMB29P) AppleWebKit/537.36 (KHTML, like Gecko) Chrome/143.0.7499.192 Mobile Safari/537.36 (compatible; GoogleOther)"
66.249.66.160 - - [15/Jan/2026:08:38:59 -0500] "GET /products/12510681 HTTP/1.1" 200 22977 "-" "Mozilla/5.0 (Linux; Android 6.0.1; Nexus 5X Build/MMB29P) AppleWebKit/537.36 (KHTML, like Gecko) Chrome/143.0.7499.192 Mobile Safari/537.36 (compatible; GoogleOther)"
66.249.66.32 - - [15/Jan/2026:08:39:20 -0500] "GET /products/13733869 HTTP/1.1" 200 23463 "-" "Mozilla/5.0 (Linux; Android 6.0.1; Nexus 5X Build/MMB29P) AppleWebKit/537.36 (KHTML, like Gecko) Chrome/143.0.7499.192 Mobile Safari/537.36 (compatible; GoogleOther)"
66.249.66.3 - - [15/Jan/2026:08:39:28 -0500] "GET /products/10646336 HTTP/1.1" 200 23531 "-" "Mozilla/5.0 (Linux; Android 6.0.1; Nexus 5X Build/MMB29P) AppleWebKit/537.36 (KHTML, like Gecko) Chrome/143.0.7499.192 Mobile Safari/537.36 (compatible; Googlebot/2.1; +http://www.google.com/bot.html)"
66.249.66.3 - - [15/Jan/2026:08:40:00 -0500] "GET /products/12988192 HTTP/1.1" 200 23126 "-" "Mozilla/5.0 (Linux; Android 6.0.1; Nexus 5X Build/MMB29P) AppleWebKit/537.36 (KHTML, like Gecko) Chrome/143.0.7499.192 Mobile Safari/537.36 (compatible; GoogleOther)"
66.249.66.2 - - [15/Jan/2026:08:40:04 -0500] "GET /products/28602181 HTTP/1.1" 200 24166 "-" "Mozilla/5.0 (Linux; Android 6.0.1; Nexus 5X Build/MMB29P) AppleWebKit/537.36 (KHTML, like Gecko) Chrome/143.0.7499.192 Mobile Safari/537.36 (compatible; GoogleOther)"
162.0.215.15 - - [15/Jan/2026:08:40:05 -0500] "POST /wp-cron.php?doing_wp_cron=1768484405.9726018905639648437500 HTTP/1.1" 200 0 "-" "WordPress/6.9; https://oilmacks.com"
179.94.121.18 - - [15/Jan/2026:08:40:03 -0500] "GET /products/27949036 HTTP/1.1" 404 29827 "-" "Mozilla/5.0 (Macintosh; U; Intel Mac OS X 10_6_4; en-US) AppleWebKit/534.16 (KHTML, like Gecko) Chrome/10.0.648.0 Safari/534.16"
66.249.66.160 - - [15/Jan/2026:08:40:09 -0500] "GET /products/8705903 HTTP/1.1" 200 23056 "-" "Mozilla/5.0 (Linux; Android 6.0.1; Nexus 5X Build/MMB29P) AppleWebKit/537.36 (KHTML, like Gecko) Chrome/143.0.7499.192 Mobile Safari/537.36 (compatible; GoogleOther)"
66.249.66.166 - - [15/Jan/2026:08:40:33 -0500] "GET /products/26478092 HTTP/1.1" 200 23549 "-" "Mozilla/5.0 (Linux; Android 6.0.1; Nexus 5X Build/MMB29P) AppleWebKit/537.36 (KHTML, like Gecko) Chrome/143.0.7499.192 Mobile Safari/537.36 (compatible; Googlebot/2.1; +http://www.google.com/bot.html)"
66.249.66.160 - - [15/Jan/2026:08:40:56 -0500] "GET /products/8845525 HTTP/1.1" 200 24610 "-" "Mozilla/5.0 (Linux; Android 6.0.1; Nexus 5X Build/MMB29P) AppleWebKit/537.36 (KHTML, like Gecko) Chrome/143.0.7499.192 Mobile Safari/537.36 (compatible; Googlebot/2.1; +http://www.google.com/bot.html)"
66.249.66.64 - - [15/Jan/2026:08:41:35 -0500] "GET /products/25616658 HTTP/1.1" 200 24062 "-" "Mozilla/5.0 (Linux; Android 6.0.1; Nexus 5X Build/MMB29P) AppleWebKit/537.36 (KHTML, like Gecko) Chrome/143.0.7499.192 Mobile Safari/537.36 (compatible; GoogleOther)"
66.249.66.167 - - [15/Jan/2026:08:41:38 -0500] "GET /products/12988192 HTTP/1.1" 200 23126 "-" "Mozilla/5.0 (Linux; Android 6.0.1; Nexus 5X Build/MMB29P) AppleWebKit/537.36 (KHTML, like Gecko) Chrome/143.0.7499.192 Mobile Safari/537.36 (compatible; Googlebot/2.1; +http://www.google.com/bot.html)"
66.249.66.165 - - [15/Jan/2026:08:41:40 -0500] "GET /products/13162414 HTTP/1.1" 200 22727 "-" "Mozilla/5.0 (Linux; Android 6.0.1; Nexus 5X Build/MMB29P) AppleWebKit/537.36 (KHTML, like Gecko) Chrome/143.0.7499.192 Mobile Safari/537.36 (compatible; GoogleOther)"
66.249.66.13 - - [15/Jan/2026:08:41:55 -0500] "GET /products/2396525 HTTP/1.1" 200 23581 "-" "Mozilla/5.0 (Linux; Android 6.0.1; Nexus 5X Build/MMB29P) AppleWebKit/537.36 (KHTML, like Gecko) Chrome/143.0.7499.192 Mobile Safari/537.36 (compatible; GoogleOther)"
66.249.66.161 - - [15/Jan/2026:08:41:59 -0500] "GET /products/27899814 HTTP/1.1" 200 24059 "-" "Mozilla/5.0 (Linux; Android 6.0.1; Nexus 5X Build/MMB29P) AppleWebKit/537.36 (KHTML, like Gecko) Chrome/143.0.7499.192 Mobile Safari/537.36 (compatible; GoogleOther)"
66.249.66.1 - - [15/Jan/2026:08:42:44 -0500] "GET /products/13162414 HTTP/1.1" 200 22727 "-" "Mozilla/5.0 (Linux; Android 6.0.1; Nexus 5X Build/MMB29P) AppleWebKit/537.36 (KHTML, like Gecko) Chrome/143.0.7499.192 Mobile Safari/537.36 (compatible; Googlebot/2.1; +http://www.google.com/bot.html)"
66.249.66.45 - - [15/Jan/2026:08:43:06 -0500] "GET /products/7744970 HTTP/1.1" 200 22520 "-" "Mozilla/5.0 (Linux; Android 6.0.1; Nexus 5X Build/MMB29P) AppleWebKit/537.36 (KHTML, like Gecko) Chrome/143.0.7499.192 Mobile Safari/537.36 (compatible; GoogleOther)"
66.249.66.165 - - [15/Jan/2026:08:43:25 -0500] "GET /products/16581170 HTTP/1.1" 200 23951 "-" "Mozilla/5.0 (Linux; Android 6.0.1; Nexus 5X Build/MMB29P) AppleWebKit/537.36 (KHTML, like Gecko) Chrome/143.0.7499.192 Mobile Safari/537.36 (compatible; GoogleOther)"
66.249.66.160 - - [15/Jan/2026:08:43:41 -0500] "GET /products/20399414 HTTP/1.1" 200 24406 "-" "Mozilla/5.0 (Linux; Android 6.0.1; Nexus 5X Build/MMB29P) AppleWebKit/537.36 (KHTML, like Gecko) Chrome/143.0.7499.192 Mobile Safari/537.36 (compatible; GoogleOther)"
66.249.66.33 - - [15/Jan/2026:08:43:49 -0500] "GET /products/24557636 HTTP/1.1" 200 23629 "-" "Mozilla/5.0 (Linux; Android 6.0.1; Nexus 5X Build/MMB29P) AppleWebKit/537.36 (KHTML, like Gecko) Chrome/143.0.7499.192 Mobile Safari/537.36 (compatible; Googlebot/2.1; +http://www.google.com/bot.html)"
66.249.66.66 - - [15/Jan/2026:08:44:39 -0500] "GET /products/28740247 HTTP/1.1" 200 24903 "-" "Mozilla/5.0 (Linux; Android 6.0.1; Nexus 5X Build/MMB29P) AppleWebKit/537.36 (KHTML, like Gecko) Chrome/143.0.7499.192 Mobile Safari/537.36 (compatible; GoogleOther)"
66.249.66.13 - - [15/Jan/2026:08:44:41 -0500] "GET /products/30892258 HTTP/1.1" 200 24594 "-" "Mozilla/5.0 (Linux; Android 6.0.1; Nexus 5X Build/MMB29P) AppleWebKit/537.36 (KHTML, like Gecko) Chrome/143.0.7499.192 Mobile Safari/537.36 (compatible; GoogleOther)"
66.249.66.64 - - [15/Jan/2026:08:44:44 -0500] "GET /products/7583158 HTTP/1.1" 200 23091 "-" "Mozilla/5.0 (Linux; Android 6.0.1; Nexus 5X Build/MMB29P) AppleWebKit/537.36 (KHTML, like Gecko) Chrome/143.0.7499.192 Mobile Safari/537.36 (compatible; GoogleOther)"
66.249.66.75 - - [15/Jan/2026:08:44:54 -0500] "GET /products/13733869 HTTP/1.1" 200 23463 "-" "Mozilla/5.0 (Linux; Android 6.0.1; Nexus 5X Build/MMB29P) AppleWebKit/537.36 (KHTML, like Gecko) Chrome/143.0.7499.192 Mobile Safari/537.36 (compatible; Googlebot/2.1; +http://www.google.com/bot.html)"
66.249.66.194 - - [15/Jan/2026:08:45:02 -0500] "GET /products/30892258 HTTP/1.1" 200 24594 "-" "Mozilla/5.0 (Linux; Android 6.0.1; Nexus 5X Build/MMB29P) AppleWebKit/537.36 (KHTML, like Gecko) Chrome/143.0.7499.192 Mobile Safari/537.36 (compatible; Googlebot/2.1; +http://www.google.com/bot.html)"
66.249.66.193 - - [15/Jan/2026:08:45:27 -0500] "GET /products/30294769 HTTP/1.1" 200 23197 "-" "Mozilla/5.0 (Linux; Android 6.0.1; Nexus 5X Build/MMB29P) AppleWebKit/537.36 (KHTML, like Gecko) Chrome/143.0.7499.192 Mobile Safari/537.36 (compatible; GoogleOther)"
162.0.215.15 - - [15/Jan/2026:08:45:29 -0500] "POST /wp-cron.php?doing_wp_cron=1768484729.2695879936218261718750 HTTP/1.1" 200 0 "-" "WordPress/6.9; https://oilmacks.com"
160.154.54.139 - - [15/Jan/2026:08:45:28 -0500] "GET /products/29997669 HTTP/1.1" 404 29827 "-" "Mozilla/5.0 (Windows; U; Windows NT 6.1; fr; rv:1.9.2.8) Gecko/20100722 Firefox 3.6.8 GTB7.1"
66.249.66.198 - - [15/Jan/2026:08:45:34 -0500] "GET /products/17552492 HTTP/1.1" 200 25967 "-" "Mozilla/5.0 (Linux; Android 6.0.1; Nexus 5X Build/MMB29P) AppleWebKit/537.36 (KHTML, like Gecko) Chrome/143.0.7499.192 Mobile Safari/537.36 (compatible; GoogleOther)"
66.249.66.32 - - [15/Jan/2026:08:46:00 -0500] "GET /products/23796181 HTTP/1.1" 200 24231 "-" "Mozilla/5.0 (Linux; Android 6.0.1; Nexus 5X Build/MMB29P) AppleWebKit/537.36 (KHTML, like Gecko) Chrome/143.0.7499.192 Mobile Safari/537.36 (compatible; Googlebot/2.1; +http://www.google.com/bot.html)"
66.249.66.196 - - [15/Jan/2026:08:46:08 -0500] "GET /products/30145347 HTTP/1.1" 200 24971 "-" "Mozilla/5.0 (Linux; Android 6.0.1; Nexus 5X Build/MMB29P) AppleWebKit/537.36 (KHTML, like Gecko) Chrome/143.0.7499.192 Mobile Safari/537.36 (compatible; GoogleOther)"
66.249.66.166 - - [15/Jan/2026:08:46:42 -0500] "GET /products/21219881 HTTP/1.1" 200 24305 "-" "Mozilla/5.0 (Linux; Android 6.0.1; Nexus 5X Build/MMB29P) AppleWebKit/537.36 (KHTML, like Gecko) Chrome/143.0.7499.192 Mobile Safari/537.36 (compatible; GoogleOther)"
66.249.66.45 - - [15/Jan/2026:08:46:46 -0500] "GET /products/30009147 HTTP/1.1" 200 23971 "-" "Mozilla/5.0 (Linux; Android 6.0.1; Nexus 5X Build/MMB29P) AppleWebKit/537.36 (KHTML, like Gecko) Chrome/143.0.7499.192 Mobile Safari/537.36 (compatible; GoogleOther)"
66.249.66.45 - - [15/Jan/2026:08:46:53 -0500] "GET /products/18289669 HTTP/1.1" 200 23940 "-" "Mozilla/5.0 (Linux; Android 6.0.1; Nexus 5X Build/MMB29P) AppleWebKit/537.36 (KHTML, like Gecko) Chrome/143.0.7499.192 Mobile Safari/537.36 (compatible; GoogleOther)"
66.249.66.66 - - [15/Jan/2026:08:47:05 -0500] "GET /products/30009147 HTTP/1.1" 200 23971 "-" "Mozilla/5.0 (Linux; Android 6.0.1; Nexus 5X Build/MMB29P) AppleWebKit/537.36 (KHTML, like Gecko) Chrome/143.0.7499.192 Mobile Safari/537.36 (compatible; Googlebot/2.1; +http://www.google.com/bot.html)"
66.249.66.161 - - [15/Jan/2026:08:47:13 -0500] "GET /products/30342570 HTTP/1.1" 200 24651 "-" "Mozilla/5.0 (Linux; Android 6.0.1; Nexus 5X Build/MMB29P) AppleWebKit/537.36 (KHTML, like Gecko) Chrome/143.0.7499.192 Mobile Safari/537.36 (compatible; GoogleOther)"
66.249.66.2 - - [15/Jan/2026:08:47:39 -0500] "GET /products/27684947 HTTP/1.1" 200 23500 "-" "Mozilla/5.0 (Linux; Android 6.0.1; Nexus 5X Build/MMB29P) AppleWebKit/537.36 (KHTML, like Gecko) Chrome/143.0.7499.192 Mobile Safari/537.36 (compatible; GoogleOther)"
66.249.66.64 - - [15/Jan/2026:08:47:41 -0500] "GET /products/27468603 HTTP/1.1" 200 23934 "-" "Mozilla/5.0 (Linux; Android 6.0.1; Nexus 5X Build/MMB29P) AppleWebKit/537.36 (KHTML, like Gecko) Chrome/143.0.7499.192 Mobile Safari/537.36 (compatible; GoogleOther)"
66.249.66.32 - - [15/Jan/2026:08:47:48 -0500] "GET /products/22450569 HTTP/1.1" 200 26628 "-" "Mozilla/5.0 (Linux; Android 6.0.1; Nexus 5X Build/MMB29P) AppleWebKit/537.36 (KHTML, like Gecko) Chrome/143.0.7499.192 Mobile Safari/537.36 (compatible; GoogleOther)"
66.249.66.13 - - [15/Jan/2026:08:48:09 -0500] "GET /products/9031547 HTTP/1.1" 200 23262 "-" "Mozilla/5.0 (Linux; Android 6.0.1; Nexus 5X Build/MMB29P) AppleWebKit/537.36 (KHTML, like Gecko) Chrome/143.0.7499.192 Mobile Safari/537.36 (compatible; GoogleOther)"
66.249.66.66 - - [15/Jan/2026:08:48:10 -0500] "GET /products/18289669 HTTP/1.1" 200 23940 "-" "Mozilla/5.0 (Linux; Android 6.0.1; Nexus 5X Build/MMB29P) AppleWebKit/537.36 (KHTML, like Gecko) Chrome/143.0.7499.192 Mobile Safari/537.36 (compatible; Googlebot/2.1; +http://www.google.com/bot.html)"
66.249.66.194 - - [15/Jan/2026:08:48:12 -0500] "GET /products/9586314 HTTP/1.1" 200 22648 "-" "Mozilla/5.0 (Linux; Android 6.0.1; Nexus 5X Build/MMB29P) AppleWebKit/537.36 (KHTML, like Gecko) Chrome/143.0.7499.192 Mobile Safari/537.36 (compatible; GoogleOther)"
66.249.66.1 - - [15/Jan/2026:08:48:50 -0500] "GET /products/7692814 HTTP/1.1" 200 23423 "-" "Mozilla/5.0 (Linux; Android 6.0.1; Nexus 5X Build/MMB29P) AppleWebKit/537.36 (KHTML, like Gecko) Chrome/143.0.7499.192 Mobile Safari/537.36 (compatible; GoogleOther)"
66.249.66.32 - - [15/Jan/2026:08:48:59 -0500] "GET /products/18547425 HTTP/1.1" 200 24786 "-" "Mozilla/5.0 (Linux; Android 6.0.1; Nexus 5X Build/MMB29P) AppleWebKit/537.36 (KHTML, like Gecko) Chrome/143.0.7499.192 Mobile Safari/537.36 (compatible; GoogleOther)"
66.249.66.65 - - [15/Jan/2026:08:49:09 -0500] "GET /products/27457514 HTTP/1.1" 200 27022 "-" "Mozilla/5.0 (Linux; Android 6.0.1; Nexus 5X Build/MMB29P) AppleWebKit/537.36 (KHTML, like Gecko) Chrome/143.0.7499.192 Mobile Safari/537.36 (compatible; GoogleOther)"
66.249.66.1 - - [15/Jan/2026:08:49:16 -0500] "GET /products/27468603 HTTP/1.1" 200 23934 "-" "Mozilla/5.0 (Linux; Android 6.0.1; Nexus 5X Build/MMB29P) AppleWebKit/537.36 (KHTML, like Gecko) Chrome/143.0.7499.192 Mobile Safari/537.36 (compatible; Googlebot/2.1; +http://www.google.com/bot.html)"
66.249.66.197 - - [15/Jan/2026:08:50:21 -0500] "GET /products/7692814 HTTP/1.1" 200 23423 "-" "Mozilla/5.0 (Linux; Android 6.0.1; Nexus 5X Build/MMB29P) AppleWebKit/537.36 (KHTML, like Gecko) Chrome/143.0.7499.192 Mobile Safari/537.36 (compatible; Googlebot/2.1; +http://www.google.com/bot.html)"
66.249.66.196 - - [15/Jan/2026:08:50:30 -0500] "GET /products/3146492 HTTP/1.1" 200 23209 "-" "Mozilla/5.0 (Linux; Android 6.0.1; Nexus 5X Build/MMB29P) AppleWebKit/537.36 (KHTML, like Gecko) Chrome/143.0.7499.192 Mobile Safari/537.36 (compatible; GoogleOther)"
66.249.66.64 - - [15/Jan/2026:08:50:40 -0500] "GET /products/9536581 HTTP/1.1" 200 23784 "-" "Mozilla/5.0 (Linux; Android 6.0.1; Nexus 5X Build/MMB29P) AppleWebKit/537.36 (KHTML, like Gecko) Chrome/143.0.7499.192 Mobile Safari/537.36 (compatible; GoogleOther)"
66.249.66.74 - - [15/Jan/2026:08:50:45 -0500] "GET /products/25098847 HTTP/1.1" 200 23537 "-" "Mozilla/5.0 (Linux; Android 6.0.1; Nexus 5X Build/MMB29P) AppleWebKit/537.36 (KHTML, like Gecko) Chrome/143.0.7499.192 Mobile Safari/537.36 (compatible; GoogleOther)"
66.249.66.161 - - [15/Jan/2026:08:50:48 -0500] "GET /products/7406136 HTTP/1.1" 200 23310 "-" "Mozilla/5.0 (Linux; Android 6.0.1; Nexus 5X Build/MMB29P) AppleWebKit/537.36 (KHTML, like Gecko) Chrome/143.0.7499.192 Mobile Safari/537.36 (compatible; GoogleOther)"
162.0.215.15 - - [15/Jan/2026:08:50:55 -0500] "POST /wp-cron.php?doing_wp_cron=1768485055.9081330299377441406250 HTTP/1.1" 200 0 "-" "WordPress/6.9; https://oilmacks.com"
41.140.71.172 - - [15/Jan/2026:08:50:55 -0500] "GET /products/8598336 HTTP/1.1" 404 29827 "-" "Mozilla/5.0 (Windows NT 6.1; rv:6.0) Gecko/20100101 Firefox/7.0"
66.249.66.166 - - [15/Jan/2026:08:51:07 -0500] "GET /products/12169336 HTTP/1.1" 200 23478 "-" "Mozilla/5.0 (Linux; Android 6.0.1; Nexus 5X Build/MMB29P) AppleWebKit/537.36 (KHTML, like Gecko) Chrome/143.0.7499.192 Mobile Safari/537.36 (compatible; GoogleOther)"
66.249.66.196 - - [15/Jan/2026:08:51:26 -0500] "GET /products/3146492 HTTP/1.1" 200 23209 "-" "Mozilla/5.0 (Linux; Android 6.0.1; Nexus 5X Build/MMB29P) AppleWebKit/537.36 (KHTML, like Gecko) Chrome/143.0.7499.192 Mobile Safari/537.36 (compatible; Googlebot/2.1; +http://www.google.com/bot.html)"
66.249.66.3 - - [15/Jan/2026:08:52:11 -0500] "GET /products/19341969 HTTP/1.1" 200 24285 "-" "Mozilla/5.0 (Linux; Android 6.0.1; Nexus 5X Build/MMB29P) AppleWebKit/537.36 (KHTML, like Gecko) Chrome/143.0.7499.192 Mobile Safari/537.36 (compatible; GoogleOther)"
66.249.66.196 - - [15/Jan/2026:08:52:15 -0500] "GET /products/29902281 HTTP/1.1" 200 23739 "-" "Mozilla/5.0 (Linux; Android 6.0.1; Nexus 5X Build/MMB29P) AppleWebKit/537.36 (KHTML, like Gecko) Chrome/143.0.7499.192 Mobile Safari/537.36 (compatible; GoogleOther)"
66.249.66.193 - - [15/Jan/2026:08:52:31 -0500] "GET /products/20939614 HTTP/1.1" 200 23698 "-" "Mozilla/5.0 (Linux; Android 6.0.1; Nexus 5X Build/MMB29P) AppleWebKit/537.36 (KHTML, like Gecko) Chrome/143.0.7499.192 Mobile Safari/537.36 (compatible; GoogleOther)"
66.249.66.1 - - [15/Jan/2026:08:52:31 -0500] "GET /products/12169336 HTTP/1.1" 200 23478 "-" "Mozilla/5.0 (Linux; Android 6.0.1; Nexus 5X Build/MMB29P) AppleWebKit/537.36 (KHTML, like Gecko) Chrome/143.0.7499.192 Mobile Safari/537.36 (compatible; Googlebot/2.1; +http://www.google.com/bot.html)"
66.249.66.193 - - [15/Jan/2026:08:53:37 -0500] "GET /products/9031547 HTTP/1.1" 200 23262 "-" "Mozilla/5.0 (Linux; Android 6.0.1; Nexus 5X Build/MMB29P) AppleWebKit/537.36 (KHTML, like Gecko) Chrome/143.0.7499.192 Mobile Safari/537.36 (compatible; Googlebot/2.1; +http://www.google.com/bot.html)"
66.249.66.64 - - [15/Jan/2026:08:53:42 -0500] "GET /products/23576303 HTTP/1.1" 200 24169 "-" "Mozilla/5.0 (Linux; Android 6.0.1; Nexus 5X Build/MMB29P) AppleWebKit/537.36 (KHTML, like Gecko) Chrome/143.0.7499.192 Mobile Safari/537.36 (compatible; GoogleOther)"
66.249.66.166 - - [15/Jan/2026:08:54:02 -0500] "GET /products/9185347 HTTP/1.1" 200 22955 "-" "Mozilla/5.0 (Linux; Android 6.0.1; Nexus 5X Build/MMB29P) AppleWebKit/537.36 (KHTML, like Gecko) Chrome/143.0.7499.192 Mobile Safari/537.36 (compatible; GoogleOther)"
66.249.66.167 - - [15/Jan/2026:08:54:05 -0500] "GET /products/2766636 HTTP/1.1" 200 22745 "-" "Mozilla/5.0 (Linux; Android 6.0.1; Nexus 5X Build/MMB29P) AppleWebKit/537.36 (KHTML, like Gecko) Chrome/143.0.7499.192 Mobile Safari/537.36 (compatible; GoogleOther)"
66.249.66.162 - - [15/Jan/2026:08:54:16 -0500] "GET /products/20343592 HTTP/1.1" 200 24027 "-" "Mozilla/5.0 (Linux; Android 6.0.1; Nexus 5X Build/MMB29P) AppleWebKit/537.36 (KHTML, like Gecko) Chrome/143.0.7499.192 Mobile Safari/537.36 (compatible; GoogleOther)"
66.249.66.32 - - [15/Jan/2026:08:54:42 -0500] "GET /products/18330058 HTTP/1.1" 200 24571 "-" "Mozilla/5.0 (Linux; Android 6.0.1; Nexus 5X Build/MMB29P) AppleWebKit/537.36 (KHTML, like Gecko) Chrome/143.0.7499.192 Mobile Safari/537.36 (compatible; Googlebot/2.1; +http://www.google.com/bot.html)"
66.249.66.196 - - [15/Jan/2026:08:54:51 -0500] "GET /products/9185347 HTTP/1.1" 200 22955 "-" "Mozilla/5.0 (Linux; Android 6.0.1; Nexus 5X Build/MMB29P) AppleWebKit/537.36 (KHTML, like Gecko) Chrome/143.0.7499.192 Mobile Safari/537.36 (compatible; Googlebot/2.1; +http://www.google.com/bot.html)"
66.249.66.165 - - [15/Jan/2026:08:54:57 -0500] "GET /products/18235647 HTTP/1.1" 200 24032 "-" "Mozilla/5.0 (Linux; Android 6.0.1; Nexus 5X Build/MMB29P) AppleWebKit/537.36 (KHTML, like Gecko) Chrome/143.0.7499.192 Mobile Safari/537.36 (compatible; GoogleOther)"
66.249.66.45 - - [15/Jan/2026:08:55:13 -0500] "GET /products/30724592 HTTP/1.1" 200 23645 "-" "Mozilla/5.0 (Linux; Android 6.0.1; Nexus 5X Build/MMB29P) AppleWebKit/537.36 (KHTML, like Gecko) Chrome/143.0.7499.192 Mobile Safari/537.36 (compatible; GoogleOther)"
66.249.66.161 - - [15/Jan/2026:08:55:47 -0500] "GET /products/20201036 HTTP/1.1" 200 23792 "-" "Mozilla/5.0 (Linux; Android 6.0.1; Nexus 5X Build/MMB29P) AppleWebKit/537.36 (KHTML, like Gecko) Chrome/143.0.7499.192 Mobile Safari/537.36 (compatible; Googlebot/2.1; +http://www.google.com/bot.html)"
66.249.66.11 - - [15/Jan/2026:08:56:02 -0500] "GET /products/31016636 HTTP/1.1" 200 24324 "-" "Mozilla/5.0 (Linux; Android 6.0.1; Nexus 5X Build/MMB29P) AppleWebKit/537.36 (KHTML, like Gecko) Chrome/143.0.7499.192 Mobile Safari/537.36 (compatible; GoogleOther)"
66.249.66.165 - - [15/Jan/2026:08:56:05 -0500] "GET /products/12853725 HTTP/1.1" 200 23211 "-" "Mozilla/5.0 (Linux; Android 6.0.1; Nexus 5X Build/MMB29P) AppleWebKit/537.36 (KHTML, like Gecko) Chrome/143.0.7499.192 Mobile Safari/537.36 (compatible; GoogleOther)"
66.249.66.1 - - [15/Jan/2026:08:56:08 -0500] "GET /products/28042869 HTTP/1.1" 200 23951 "-" "Mozilla/5.0 (Linux; Android 6.0.1; Nexus 5X Build/MMB29P) AppleWebKit/537.36 (KHTML, like Gecko) Chrome/143.0.7499.192 Mobile Safari/537.36 (compatible; GoogleOther)"
66.249.66.197 - - [15/Jan/2026:08:56:14 -0500] "GET /products/23761758 HTTP/1.1" 200 24629 "-" "Mozilla/5.0 (Linux; Android 6.0.1; Nexus 5X Build/MMB29P) AppleWebKit/537.36 (KHTML, like Gecko) Chrome/143.0.7499.192 Mobile Safari/537.36 (compatible; GoogleOther)"
169.224.125.175 - - [15/Jan/2026:08:56:23 -0500] "GET /wp-includes/class.wp-dependencies.php HTTP/1.1" 500 0 "-" "Mozilla/5.0 (Macintosh; Intel Mac OS X 10_8_0) AppleWebKit/537.36 (KHTML, like Gecko) Chrome/32.0.1664.3 Safari/537.36"
66.249.66.194 - - [15/Jan/2026:08:56:38 -0500] "GET /products/1788514 HTTP/1.1" 200 23383 "-" "Mozilla/5.0 (Linux; Android 6.0.1; Nexus 5X Build/MMB29P) AppleWebKit/537.36 (KHTML, like Gecko) Chrome/143.0.7499.192 Mobile Safari/537.36 (compatible; GoogleOther)"
66.249.66.64 - - [15/Jan/2026:08:56:44 -0500] "GET /products/18438158 HTTP/1.1" 200 25004 "-" "Mozilla/5.0 (Linux; Android 6.0.1; Nexus 5X Build/MMB29P) AppleWebKit/537.36 (KHTML, like Gecko) Chrome/143.0.7499.192 Mobile Safari/537.36 (compatible; GoogleOther)"
66.249.66.165 - - [15/Jan/2026:08:56:53 -0500] "GET /products/28042869 HTTP/1.1" 200 23951 "-" "Mozilla/5.0 (Linux; Android 6.0.1; Nexus 5X Build/MMB29P) AppleWebKit/537.36 (KHTML, like Gecko) Chrome/143.0.7499.192 Mobile Safari/537.36 (compatible; Googlebot/2.1; +http://www.google.com/bot.html)"
66.249.66.11 - - [15/Jan/2026:08:56:59 -0500] "GET /products/12047925 HTTP/1.1" 200 22992 "-" "Mozilla/5.0 (Linux; Android 6.0.1; Nexus 5X Build/MMB29P) AppleWebKit/537.36 (KHTML, like Gecko) Chrome/143.0.7499.192 Mobile Safari/537.36 (compatible; GoogleOther)"
66.249.66.196 - - [15/Jan/2026:08:57:02 -0500] "GET /products/30940570 HTTP/1.1" 200 23832 "-" "Mozilla/5.0 (Linux; Android 6.0.1; Nexus 5X Build/MMB29P) AppleWebKit/537.36 (KHTML, like Gecko) Chrome/143.0.7499.192 Mobile Safari/537.36 (compatible; GoogleOther)"
66.249.66.193 - - [15/Jan/2026:08:57:34 -0500] "GET /products/25581714 HTTP/1.1" 200 28152 "-" "Mozilla/5.0 (Linux; Android 6.0.1; Nexus 5X Build/MMB29P) AppleWebKit/537.36 (KHTML, like Gecko) Chrome/143.0.7499.192 Mobile Safari/537.36 (compatible; GoogleOther)"
66.249.66.12 - - [15/Jan/2026:08:57:39 -0500] "GET /products/14847136 HTTP/1.1" 200 23832 "-" "Mozilla/5.0 (Linux; Android 6.0.1; Nexus 5X Build/MMB29P) AppleWebKit/537.36 (KHTML, like Gecko) Chrome/143.0.7499.192 Mobile Safari/537.36 (compatible; GoogleOther)"
66.249.66.160 - - [15/Jan/2026:08:57:48 -0500] "GET /products/20759681 HTTP/1.1" 200 23853 "-" "Mozilla/5.0 (Linux; Android 6.0.1; Nexus 5X Build/MMB29P) AppleWebKit/537.36 (KHTML, like Gecko) Chrome/143.0.7499.192 Mobile Safari/537.36 (compatible; GoogleOther)"
66.249.66.165 - - [15/Jan/2026:08:57:58 -0500] "GET /products/23761758 HTTP/1.1" 200 24629 "-" "Mozilla/5.0 (Linux; Android 6.0.1; Nexus 5X Build/MMB29P) AppleWebKit/537.36 (KHTML, like Gecko) Chrome/143.0.7499.192 Mobile Safari/537.36 (compatible; Googlebot/2.1; +http://www.google.com/bot.html)"
66.249.66.165 - - [15/Jan/2026:08:58:15 -0500] "GET /products/22749836 HTTP/1.1" 200 24491 "-" "Mozilla/5.0 (Linux; Android 6.0.1; Nexus 5X Build/MMB29P) AppleWebKit/537.36 (KHTML, like Gecko) Chrome/143.0.7499.192 Mobile Safari/537.36 (compatible; GoogleOther)"
66.249.66.165 - - [15/Jan/2026:08:59:03 -0500] "GET /products/30940570 HTTP/1.1" 500 0 "-" "Mozilla/5.0 (Linux; Android 6.0.1; Nexus 5X Build/MMB29P) AppleWebKit/537.36 (KHTML, like Gecko) Chrome/143.0.7499.192 Mobile Safari/537.36 (compatible; Googlebot/2.1; +http://www.google.com/bot.html)"
66.249.66.65 - - [15/Jan/2026:08:59:19 -0500] "GET /products/5000581 HTTP/1.1" 200 23720 "-" "Mozilla/5.0 (Linux; Android 6.0.1; Nexus 5X Build/MMB29P) AppleWebKit/537.36 (KHTML, like Gecko) Chrome/143.0.7499.192 Mobile Safari/537.36 (compatible; GoogleOther)"
66.249.66.11 - - [15/Jan/2026:08:59:34 -0500] "GET /products/11233014 HTTP/1.1" 200 23275 "-" "Mozilla/5.0 (Linux; Android 6.0.1; Nexus 5X Build/MMB29P) AppleWebKit/537.36 (KHTML, like Gecko) Chrome/143.0.7499.192 Mobile Safari/537.36 (compatible; GoogleOther)"
66.249.66.162 - - [15/Jan/2026:08:59:38 -0500] "GET /products/22425936 HTTP/1.1" 200 24694 "-" "Mozilla/5.0 (Linux; Android 6.0.1; Nexus 5X Build/MMB29P) AppleWebKit/537.36 (KHTML, like Gecko) Chrome/143.0.7499.192 Mobile Safari/537.36 (compatible; GoogleOther)"
66.249.66.165 - - [15/Jan/2026:08:59:46 -0500] "GET /products/17070169 HTTP/1.1" 200 24605 "-" "Mozilla/5.0 (Linux; Android 6.0.1; Nexus 5X Build/MMB29P) AppleWebKit/537.36 (KHTML, like Gecko) Chrome/143.0.7499.192 Mobile Safari/537.36 (compatible; GoogleOther)"
66.249.66.75 - - [15/Jan/2026:09:00:06 -0500] "GET /products/9214069 HTTP/1.1" 200 23042 "-" "Mozilla/5.0 (Linux; Android 6.0.1; Nexus 5X Build/MMB29P) AppleWebKit/537.36 (KHTML, like Gecko) Chrome/143.0.7499.192 Mobile Safari/537.36 (compatible; Googlebot/2.1; +http://www.google.com/bot.html)"
66.249.66.33 - - [15/Jan/2026:09:00:09 -0500] "GET /products/12047925 HTTP/1.1" 200 22992 "-" "Mozilla/5.0 (Linux; Android 6.0.1; Nexus 5X Build/MMB29P) AppleWebKit/537.36 (KHTML, like Gecko) Chrome/143.0.7499.192 Mobile Safari/537.36 (compatible; Googlebot/2.1; +http://www.google.com/bot.html)"
66.249.66.198 - - [15/Jan/2026:09:01:04 -0500] "GET /products/14376292 HTTP/1.1" 200 22915 "-" "Mozilla/5.0 (Linux; Android 6.0.1; Nexus 5X Build/MMB29P) AppleWebKit/537.36 (KHTML, like Gecko) Chrome/143.0.7499.192 Mobile Safari/537.36 (compatible; GoogleOther)"
66.249.66.45 - - [15/Jan/2026:09:01:14 -0500] "GET /products/5000581 HTTP/1.1" 200 23720 "-" "Mozilla/5.0 (Linux; Android 6.0.1; Nexus 5X Build/MMB29P) AppleWebKit/537.36 (KHTML, like Gecko) Chrome/143.0.7499.192 Mobile Safari/537.36 (compatible; Googlebot/2.1; +http://www.google.com/bot.html)"
66.249.66.2 - - [15/Jan/2026:09:01:17 -0500] "GET /products/27741336 HTTP/1.1" 200 23788 "-" "Mozilla/5.0 (Linux; Android 6.0.1; Nexus 5X Build/MMB29P) AppleWebKit/537.36 (KHTML, like Gecko) Chrome/143.0.7499.192 Mobile Safari/537.36 (compatible; GoogleOther)"
66.249.66.12 - - [15/Jan/2026:09:01:20 -0500] "GET /products/24188025 HTTP/1.1" 200 24808 "-" "Mozilla/5.0 (Linux; Android 6.0.1; Nexus 5X Build/MMB29P) AppleWebKit/537.36 (KHTML, like Gecko) Chrome/143.0.7499.192 Mobile Safari/537.36 (compatible; GoogleOther)"
66.249.66.193 - - [15/Jan/2026:09:02:07 -0500] "GET /products/18887025 HTTP/1.1" 200 25781 "-" "Mozilla/5.0 (Linux; Android 6.0.1; Nexus 5X Build/MMB29P) AppleWebKit/537.36 (KHTML, like Gecko) Chrome/143.0.7499.192 Mobile Safari/537.36 (compatible; Googlebot/2.1; +http://www.google.com/bot.html)"
66.249.66.193 - - [15/Jan/2026:09:02:19 -0500] "GET /products/14847136 HTTP/1.1" 200 23832 "-" "Mozilla/5.0 (Linux; Android 6.0.1; Nexus 5X Build/MMB29P) AppleWebKit/537.36 (KHTML, like Gecko) Chrome/143.0.7499.192 Mobile Safari/537.36 (compatible; Googlebot/2.1; +http://www.google.com/bot.html)"
66.249.66.196 - - [15/Jan/2026:09:02:48 -0500] "GET /products/17496770 HTTP/1.1" 200 23991 "-" "Mozilla/5.0 (Linux; Android 6.0.1; Nexus 5X Build/MMB29P) AppleWebKit/537.36 (KHTML, like Gecko) Chrome/143.0.7499.192 Mobile Safari/537.36 (compatible; GoogleOther)"
66.249.66.195 - - [15/Jan/2026:09:03:06 -0500] "GET /products/17789847 HTTP/1.1" 200 23101 "-" "Mozilla/5.0 (Linux; Android 6.0.1; Nexus 5X Build/MMB29P) AppleWebKit/537.36 (KHTML, like Gecko) Chrome/143.0.7499.192 Mobile Safari/537.36 (compatible; GoogleOther)"
66.249.66.11 - - [15/Jan/2026:09:03:24 -0500] "GET /products/1755358 HTTP/1.1" 200 23331 "-" "Mozilla/5.0 (Linux; Android 6.0.1; Nexus 5X Build/MMB29P) AppleWebKit/537.36 (KHTML, like Gecko) Chrome/143.0.7499.192 Mobile Safari/537.36 (compatible; GoogleOther)"
66.249.66.165 - - [15/Jan/2026:09:03:26 -0500] "GET /products/24741225 HTTP/1.1" 200 27651 "-" "Mozilla/5.0 (Linux; Android 6.0.1; Nexus 5X Build/MMB29P) AppleWebKit/537.36 (KHTML, like Gecko) Chrome/143.0.7499.192 Mobile Safari/537.36 (compatible; Googlebot/2.1; +http://www.google.com/bot.html)"
66.249.66.166 - - [15/Jan/2026:09:03:28 -0500] "GET /products/3040469 HTTP/1.1" 200 23277 "-" "Mozilla/5.0 (Linux; Android 6.0.1; Nexus 5X Build/MMB29P) AppleWebKit/537.36 (KHTML, like Gecko) Chrome/143.0.7499.192 Mobile Safari/537.36 (compatible; GoogleOther)"
162.0.215.15 - - [15/Jan/2026:09:04:03 -0500] "POST /wp-cron.php?doing_wp_cron=1768485843.0645360946655273437500 HTTP/1.1" 200 0 "-" "WordPress/6.9; https://oilmacks.com"
95.56.37.168 - - [15/Jan/2026:09:04:00 -0500] "GET /products/5462003 HTTP/1.1" 404 29826 "-" "Mozilla/5.0 (X11; U; Linux i686; fi-FI; rv:1.9.2.8) Gecko/20100723 Ubuntu/10.04 (lucid) Firefox/3.6.8"
66.249.66.195 - - [15/Jan/2026:09:04:08 -0500] "GET /products/1755358 HTTP/1.1" 200 23331 "-" "Mozilla/5.0 (Linux; Android 6.0.1; Nexus 5X Build/MMB29P) AppleWebKit/537.36 (KHTML, like Gecko) Chrome/143.0.7499.192 Mobile Safari/537.36 (compatible; Googlebot/2.1; +http://www.google.com/bot.html)"
66.249.66.196 - - [15/Jan/2026:09:04:19 -0500] "GET /products/8148625 HTTP/1.1" 200 22648 "-" "Mozilla/5.0 (Linux; Android 6.0.1; Nexus 5X Build/MMB29P) AppleWebKit/537.36 (KHTML, like Gecko) Chrome/143.0.7499.192 Mobile Safari/537.36 (compatible; GoogleOther)"
66.249.66.33 - - [15/Jan/2026:09:04:21 -0500] "GET /products/16068347 HTTP/1.1" 200 24217 "-" "Mozilla/5.0 (Linux; Android 6.0.1; Nexus 5X Build/MMB29P) AppleWebKit/537.36 (KHTML, like Gecko) Chrome/143.0.7499.192 Mobile Safari/537.36 (compatible; GoogleOther)"
66.249.66.160 - - [15/Jan/2026:09:04:30 -0500] "GET /products/24171625 HTTP/1.1" 200 27184 "-" "Mozilla/5.0 (Linux; Android 6.0.1; Nexus 5X Build/MMB29P) AppleWebKit/537.36 (KHTML, like Gecko) Chrome/143.0.7499.192 Mobile Safari/537.36 (compatible; Googlebot/2.1; +http://www.google.com/bot.html)"
66.249.66.193 - - [15/Jan/2026:09:04:52 -0500] "GET /products/19363969 HTTP/1.1" 200 23705 "-" "Mozilla/5.0 (Linux; Android 6.0.1; Nexus 5X Build/MMB29P) AppleWebKit/537.36 (KHTML, like Gecko) Chrome/143.0.7499.192 Mobile Safari/537.36 (compatible; GoogleOther)"
66.249.66.166 - - [15/Jan/2026:09:05:26 -0500] "GET /products/16491547 HTTP/1.1" 200 23578 "-" "Mozilla/5.0 (Linux; Android 6.0.1; Nexus 5X Build/MMB29P) AppleWebKit/537.36 (KHTML, like Gecko) Chrome/143.0.7499.192 Mobile Safari/537.36 (compatible; GoogleOther)"
66.249.66.33 - - [15/Jan/2026:09:05:29 -0500] "GET /products/11994769 HTTP/1.1" 200 23194 "-" "Mozilla/5.0 (Linux; Android 6.0.1; Nexus 5X Build/MMB29P) AppleWebKit/537.36 (KHTML, like Gecko) Chrome/143.0.7499.192 Mobile Safari/537.36 (compatible; GoogleOther)"
66.249.66.45 - - [15/Jan/2026:09:05:31 -0500] "GET /products/15561192 HTTP/1.1" 200 24138 "-" "Mozilla/5.0 (Linux; Android 6.0.1; Nexus 5X Build/MMB29P) AppleWebKit/537.36 (KHTML, like Gecko) Chrome/143.0.7499.192 Mobile Safari/537.36 (compatible; GoogleOther)"
66.249.66.166 - - [15/Jan/2026:09:05:35 -0500] "GET /products/24066670 HTTP/1.1" 200 24023 "-" "Mozilla/5.0 (Linux; Android 6.0.1; Nexus 5X Build/MMB29P) AppleWebKit/537.36 (KHTML, like Gecko) Chrome/143.0.7499.192 Mobile Safari/537.36 (compatible; Googlebot/2.1; +http://www.google.com/bot.html)"
66.249.66.64 - - [15/Jan/2026:09:05:37 -0500] "GET /products/28961481 HTTP/1.1" 200 23494 "-" "Mozilla/5.0 (Linux; Android 6.0.1; Nexus 5X Build/MMB29P) AppleWebKit/537.36 (KHTML, like Gecko) Chrome/143.0.7499.192 Mobile Safari/537.36 (compatible; GoogleOther)"
66.249.66.75 - - [15/Jan/2026:09:05:48 -0500] "GET /products/19879214 HTTP/1.1" 200 24040 "-" "Mozilla/5.0 (Linux; Android 6.0.1; Nexus 5X Build/MMB29P) AppleWebKit/537.36 (KHTML, like Gecko) Chrome/143.0.7499.192 Mobile Safari/537.36 (compatible; GoogleOther)"
66.249.66.64 - - [15/Jan/2026:09:05:51 -0500] "GET /products/18826625 HTTP/1.1" 200 24025 "-" "Mozilla/5.0 (Linux; Android 6.0.1; Nexus 5X Build/MMB29P) AppleWebKit/537.36 (KHTML, like Gecko) Chrome/143.0.7499.192 Mobile Safari/537.36 (compatible; GoogleOther)"
195.24.236.18 - - [15/Jan/2026:09:06:10 -0500] "GET /style.php HTTP/1.1" 403 0 "http://oilmacks.com/style.php" "Go-http-client/2.0"
195.24.236.18 - - [15/Jan/2026:09:06:12 -0500] "GET /wp-content/style.php HTTP/1.1" 403 0 "http://oilmacks.com/wp-content/style.php" "Go-http-client/2.0"
195.24.236.18 - - [15/Jan/2026:09:06:14 -0500] "GET /wp-content/themes/style.php HTTP/1.1" 403 0 "http://oilmacks.com/wp-content/themes/style.php" "Go-http-client/2.0"
195.24.236.18 - - [15/Jan/2026:09:06:15 -0500] "GET /wp-admin/style.php HTTP/1.1" 403 0 "http://oilmacks.com/wp-admin/style.php" "Go-http-client/2.0"
195.24.236.18 - - [15/Jan/2026:09:06:17 -0500] "GET /wp-includes/style.php HTTP/1.1" 403 0 "http://oilmacks.com/wp-includes/style.php" "Go-http-client/2.0"
195.24.236.18 - - [15/Jan/2026:09:06:19 -0500] "GET /chosen.php?p= HTTP/1.1" 403 0 "http://oilmacks.com/chosen.php?p=" "Go-http-client/2.0"
195.24.236.18 - - [15/Jan/2026:09:06:21 -0500] "GET /file.php HTTP/1.1" 403 0 "http://oilmacks.com/file.php" "Go-http-client/2.0"
195.24.236.18 - - [15/Jan/2026:09:06:23 -0500] "GET /flower.php HTTP/1.1" 403 0 "http://oilmacks.com/flower.php" "Go-http-client/2.0"
66.249.66.197 - - [15/Jan/2026:09:06:24 -0500] "GET /products/3708592 HTTP/1.1" 200 22762 "-" "Mozilla/5.0 (Linux; Android 6.0.1; Nexus 5X Build/MMB29P) AppleWebKit/537.36 (KHTML, like Gecko) Chrome/143.0.7499.192 Mobile Safari/537.36 (compatible; GoogleOther)"
195.24.236.18 - - [15/Jan/2026:09:06:25 -0500] "GET /gifclass.php HTTP/1.1" 403 0 "http://oilmacks.com/gifclass.php#888xyz999" "Go-http-client/2.0"
195.24.236.18 - - [15/Jan/2026:09:06:27 -0500] "GET /bless.php HTTP/1.1" 403 0 "http://oilmacks.com/bless.php#888xyz999" "Go-http-client/2.0"
195.24.236.18 - - [15/Jan/2026:09:06:29 -0500] "GET /class-t.api.php HTTP/1.1" 403 0 "http://oilmacks.com/class-t.api.php#888xyz999" "Go-http-client/2.0"
66.249.66.64 - - [15/Jan/2026:09:06:29 -0500] "GET /products/21734125 HTTP/1.1" 200 23282 "-" "Mozilla/5.0 (Linux; Android 6.0.1; Nexus 5X Build/MMB29P) AppleWebKit/537.36 (KHTML, like Gecko) Chrome/143.0.7499.192 Mobile Safari/537.36 (compatible; GoogleOther)"
195.24.236.18 - - [15/Jan/2026:09:06:30 -0500] "GET /blurbs.php HTTP/1.1" 403 0 "http://oilmacks.com/blurbs.php#888xyz999" "Go-http-client/2.0"
195.24.236.18 - - [15/Jan/2026:09:06:32 -0500] "GET /akcc.php HTTP/1.1" 403 0 "http://oilmacks.com/akcc.php" "Go-http-client/2.0"
195.24.236.18 - - [15/Jan/2026:09:06:34 -0500] "GET /abcd.php HTTP/1.1" 403 0 "http://oilmacks.com/abcd.php" "Go-http-client/2.0"
195.24.236.18 - - [15/Jan/2026:09:06:35 -0500] "GET /aku.php HTTP/1.1" 403 0 "http://oilmacks.com/aku.php" "Go-http-client/2.0"
195.24.236.18 - - [15/Jan/2026:09:06:37 -0500] "GET /cord.php HTTP/1.1" 403 0 "http://oilmacks.com/cord.php" "Go-http-client/2.0"
66.249.66.75 - - [15/Jan/2026:09:06:38 -0500] "GET /products/15854336 HTTP/1.1" 200 23695 "-" "Mozilla/5.0 (Linux; Android 6.0.1; Nexus 5X Build/MMB29P) AppleWebKit/537.36 (KHTML, like Gecko) Chrome/143.0.7499.192 Mobile Safari/537.36 (compatible; GoogleOther)"
195.24.236.18 - - [15/Jan/2026:09:06:39 -0500] "GET /dex.php HTTP/1.1" 403 0 "http://oilmacks.com/dex.php" "Go-http-client/2.0"
195.24.236.18 - - [15/Jan/2026:09:06:40 -0500] "GET /wp-admin/admin-ajax.php HTTP/1.1" 400 21 "http://oilmacks.com/wp-admin/admin-ajax.php" "Go-http-client/2.0"
66.249.66.1 - - [15/Jan/2026:09:06:41 -0500] "GET /products/11994769 HTTP/1.1" 200 23194 "-" "Mozilla/5.0 (Linux; Android 6.0.1; Nexus 5X Build/MMB29P) AppleWebKit/537.36 (KHTML, like Gecko) Chrome/143.0.7499.192 Mobile Safari/537.36 (compatible; Googlebot/2.1; +http://www.google.com/bot.html)"
195.24.236.18 - - [15/Jan/2026:09:06:42 -0500] "GET /zoo.php HTTP/1.1" 403 0 "http://oilmacks.com/zoo.php" "Go-http-client/2.0"
195.24.236.18 - - [15/Jan/2026:09:06:43 -0500] "GET /zwso.php HTTP/1.1" 403 0 "http://oilmacks.com//zwso.php" "Go-http-client/2.0"
195.24.236.18 - - [15/Jan/2026:09:06:45 -0500] "GET /wp-admin/zwso.php HTTP/1.1" 403 0 "http://oilmacks.com/wp-admin/zwso.php" "Go-http-client/2.0"
195.24.236.18 - - [15/Jan/2026:09:06:47 -0500] "GET /wp-content/plugins/hellopress/wp_mna.php HTTP/1.1" 403 0 "http://oilmacks.com/wp-content/plugins/hellopress/wp_mna.php" "Go-http-client/2.0"
195.24.236.18 - - [15/Jan/2026:09:06:48 -0500] "GET /bolt.php HTTP/1.1" 403 0 "http://oilmacks.com/bolt.php" "Go-http-client/2.0"
195.24.236.18 - - [15/Jan/2026:09:06:50 -0500] "GET /shlo.php HTTP/1.1" 403 0 "http://oilmacks.com/shlo.php#lufix" "Go-http-client/2.0"
195.24.236.18 - - [15/Jan/2026:09:06:52 -0500] "GET /133.php HTTP/1.1" 403 0 "http://oilmacks.com/133.php" "Go-http-client/2.0"
195.24.236.18 - - [15/Jan/2026:09:06:54 -0500] "GET /ahax.php HTTP/1.1" 403 0 "http://oilmacks.com/ahax.php" "Go-http-client/2.0"
195.24.236.18 - - [15/Jan/2026:09:06:55 -0500] "GET /wpssl.php HTTP/1.1" 403 0 "http://oilmacks.com/wpssl.php" "Go-http-client/2.0"
66.249.66.194 - - [15/Jan/2026:09:06:56 -0500] "GET /products/27168269 HTTP/1.1" 200 24171 "-" "Mozilla/5.0 (Linux; Android 6.0.1; Nexus 5X Build/MMB29P) AppleWebKit/537.36 (KHTML, like Gecko) Chrome/143.0.7499.192 Mobile Safari/537.36 (compatible; GoogleOther)"
195.24.236.18 - - [15/Jan/2026:09:06:57 -0500] "GET /witmm.php HTTP/1.1" 403 0 "http://oilmacks.com/witmm.php#lufix" "Go-http-client/2.0"
195.24.236.18 - - [15/Jan/2026:09:06:59 -0500] "GET /wp-admin/css/index.php HTTP/1.1" 403 0 "http://oilmacks.com/wp-admin/css/index.php" "Go-http-client/2.0"
195.24.236.18 - - [15/Jan/2026:09:07:00 -0500] "GET /wp-content/plugins/index.php HTTP/1.1" 200 0 "http://oilmacks.com/wp-content/plugins/index.php" "Go-http-client/2.0"
195.24.236.18 - - [15/Jan/2026:09:07:02 -0500] "GET /wp-content/index.php HTTP/1.1" 200 0 "http://oilmacks.com/wp-content/index.php" "Go-http-client/2.0"
195.24.236.18 - - [15/Jan/2026:09:07:03 -0500] "GET /files.php HTTP/1.1" 403 0 "http://oilmacks.com/files.php#admin@3tu/T?TJ8v?N" "Go-http-client/2.0"
195.24.236.18 - - [15/Jan/2026:09:07:05 -0500] "GET /wp-editor.php HTTP/1.1" 403 0 "http://oilmacks.com/wp-editor.php#lufix" "Go-http-client/2.0"
66.249.66.165 - - [15/Jan/2026:09:07:20 -0500] "GET /products/22832125 HTTP/1.1" 200 24319 "-" "Mozilla/5.0 (Linux; Android 6.0.1; Nexus 5X Build/MMB29P) AppleWebKit/537.36 (KHTML, like Gecko) Chrome/143.0.7499.192 Mobile Safari/537.36 (compatible; GoogleOther)"
66.249.66.165 - - [15/Jan/2026:09:07:46 -0500] "GET /products/3708592 HTTP/1.1" 200 22762 "-" "Mozilla/5.0 (Linux; Android 6.0.1; Nexus 5X Build/MMB29P) AppleWebKit/537.36 (KHTML, like Gecko) Chrome/143.0.7499.192 Mobile Safari/537.36 (compatible; Googlebot/2.1; +http://www.google.com/bot.html)"
66.249.66.65 - - [15/Jan/2026:09:08:09 -0500] "GET /products/13390825 HTTP/1.1" 200 22673 "-" "Mozilla/5.0 (Linux; Android 6.0.1; Nexus 5X Build/MMB29P) AppleWebKit/537.36 (KHTML, like Gecko) Chrome/143.0.7499.192 Mobile Safari/537.36 (compatible; GoogleOther)"
66.249.66.76 - - [15/Jan/2026:09:08:24 -0500] "GET /products/26981903 HTTP/1.1" 200 24617 "-" "Mozilla/5.0 (Linux; Android 6.0.1; Nexus 5X Build/MMB29P) AppleWebKit/537.36 (KHTML, like Gecko) Chrome/143.0.7499.192 Mobile Safari/537.36 (compatible; GoogleOther)"
66.249.66.75 - - [15/Jan/2026:09:08:27 -0500] "GET /products/14945158 HTTP/1.1" 200 23577 "-" "Mozilla/5.0 (Linux; Android 6.0.1; Nexus 5X Build/MMB29P) AppleWebKit/537.36 (KHTML, like Gecko) Chrome/143.0.7499.192 Mobile Safari/537.36 (compatible; GoogleOther)"
66.249.66.165 - - [15/Jan/2026:09:08:51 -0500] "GET /products/28961481 HTTP/1.1" 200 23494 "-" "Mozilla/5.0 (Linux; Android 6.0.1; Nexus 5X Build/MMB29P) AppleWebKit/537.36 (KHTML, like Gecko) Chrome/143.0.7499.192 Mobile Safari/537.36 (compatible; Googlebot/2.1; +http://www.google.com/bot.html)"
66.249.66.165 - - [15/Jan/2026:09:08:53 -0500] "GET /products/17255436 HTTP/1.1" 200 23901 "-" "Mozilla/5.0 (Linux; Android 6.0.1; Nexus 5X Build/MMB29P) AppleWebKit/537.36 (KHTML, like Gecko) Chrome/143.0.7499.192 Mobile Safari/537.36 (compatible; GoogleOther)"
82.215.98.151 - - [15/Jan/2026:09:09:38 -0500] "GET /products/6637347 HTTP/1.1" 404 29827 "-" "Mozilla/5.0 (Windows NT 6.2) AppleWebKit/536.3 (KHTML, like Gecko) Chrome/19.0.1061.0 Safari/536.3"
66.249.66.166 - - [15/Jan/2026:09:09:54 -0500] "GET /products/30883725 HTTP/1.1" 200 24181 "-" "Mozilla/5.0 (Linux; Android 6.0.1; Nexus 5X Build/MMB29P) AppleWebKit/537.36 (KHTML, like Gecko) Chrome/143.0.7499.192 Mobile Safari/537.36 (compatible; GoogleOther)"
66.249.66.66 - - [15/Jan/2026:09:09:57 -0500] "GET /products/21734125 HTTP/1.1" 200 23282 "-" "Mozilla/5.0 (Linux; Android 6.0.1; Nexus 5X Build/MMB29P) AppleWebKit/537.36 (KHTML, like Gecko) Chrome/143.0.7499.192 Mobile Safari/537.36 (compatible; Googlebot/2.1; +http://www.google.com/bot.html)"
66.249.66.13 - - [15/Jan/2026:09:10:09 -0500] "GET /products/2414714 HTTP/1.1" 200 23048 "-" "Mozilla/5.0 (Linux; Android 6.0.1; Nexus 5X Build/MMB29P) AppleWebKit/537.36 (KHTML, like Gecko) Chrome/143.0.7499.192 Mobile Safari/537.36 (compatible; GoogleOther)"
66.249.66.1 - - [15/Jan/2026:09:10:22 -0500] "GET /products/27572203 HTTP/1.1" 200 24296 "-" "Mozilla/5.0 (Linux; Android 6.0.1; Nexus 5X Build/MMB29P) AppleWebKit/537.36 (KHTML, like Gecko) Chrome/143.0.7499.192 Mobile Safari/537.36 (compatible; GoogleOther)"
66.249.66.65 - - [15/Jan/2026:09:11:02 -0500] "GET /products/13390825 HTTP/1.1" 200 22673 "-" "Mozilla/5.0 (Linux; Android 6.0.1; Nexus 5X Build/MMB29P) AppleWebKit/537.36 (KHTML, like Gecko) Chrome/143.0.7499.192 Mobile Safari/537.36 (compatible; Googlebot/2.1; +http://www.google.com/bot.html)"
66.249.66.165 - - [15/Jan/2026:09:11:53 -0500] "GET /products/15378470 HTTP/1.1" 200 22990 "-" "Mozilla/5.0 (Linux; Android 6.0.1; Nexus 5X Build/MMB29P) AppleWebKit/537.36 (KHTML, like Gecko) Chrome/143.0.7499.192 Mobile Safari/537.36 (compatible; GoogleOther)"
66.249.66.11 - - [15/Jan/2026:09:11:56 -0500] "GET /products/4606570 HTTP/1.1" 200 23186 "-" "Mozilla/5.0 (Linux; Android 6.0.1; Nexus 5X Build/MMB29P) AppleWebKit/537.36 (KHTML, like Gecko) Chrome/143.0.7499.192 Mobile Safari/537.36 (compatible; GoogleOther)"
66.249.66.13 - - [15/Jan/2026:09:12:07 -0500] "GET /products/19879214 HTTP/1.1" 200 24040 "-" "Mozilla/5.0 (Linux; Android 6.0.1; Nexus 5X Build/MMB29P) AppleWebKit/537.36 (KHTML, like Gecko) Chrome/143.0.7499.192 Mobile Safari/537.36 (compatible; Googlebot/2.1; +http://www.google.com/bot.html)"
66.249.66.75 - - [15/Jan/2026:09:12:21 -0500] "GET /products/19470125 HTTP/1.1" 200 23682 "-" "Mozilla/5.0 (Linux; Android 6.0.1; Nexus 5X Build/MMB29P) AppleWebKit/537.36 (KHTML, like Gecko) Chrome/143.0.7499.192 Mobile Safari/537.36 (compatible; Googlebot/2.1; +http://www.google.com/bot.html)"
66.249.66.3 - - [15/Jan/2026:09:12:47 -0500] "GET /products/22370969 HTTP/1.1" 200 24270 "-" "Mozilla/5.0 (Linux; Android 6.0.1; Nexus 5X Build/MMB29P) AppleWebKit/537.36 (KHTML, like Gecko) Chrome/143.0.7499.192 Mobile Safari/537.36 (compatible; GoogleOther)"
66.249.66.65 - - [15/Jan/2026:09:12:50 -0500] "GET /products/2697981 HTTP/1.1" 200 22885 "-" "Mozilla/5.0 (Linux; Android 6.0.1; Nexus 5X Build/MMB29P) AppleWebKit/537.36 (KHTML, like Gecko) Chrome/143.0.7499.192 Mobile Safari/537.36 (compatible; GoogleOther)"
66.249.66.166 - - [15/Jan/2026:09:13:12 -0500] "GET /products/5534814 HTTP/1.1" 200 22699 "-" "Mozilla/5.0 (Linux; Android 6.0.1; Nexus 5X Build/MMB29P) AppleWebKit/537.36 (KHTML, like Gecko) Chrome/143.0.7499.192 Mobile Safari/537.36 (compatible; Googlebot/2.1; +http://www.google.com/bot.html)"
66.249.66.166 - - [15/Jan/2026:09:13:24 -0500] "GET /products/1754403 HTTP/1.1" 200 23711 "-" "Mozilla/5.0 (Linux; Android 6.0.1; Nexus 5X Build/MMB29P) AppleWebKit/537.36 (KHTML, like Gecko) Chrome/143.0.7499.192 Mobile Safari/537.36 (compatible; GoogleOther)"
66.249.66.162 - - [15/Jan/2026:09:13:41 -0500] "GET /products/1957658 HTTP/1.1" 200 22937 "-" "Mozilla/5.0 (Linux; Android 6.0.1; Nexus 5X Build/MMB29P) AppleWebKit/537.36 (KHTML, like Gecko) Chrome/143.0.7499.192 Mobile Safari/537.36 (compatible; GoogleOther)"
66.249.66.196 - - [15/Jan/2026:09:13:44 -0500] "GET /products/23801836 HTTP/1.1" 200 24274 "-" "Mozilla/5.0 (Linux; Android 6.0.1; Nexus 5X Build/MMB29P) AppleWebKit/537.36 (KHTML, like Gecko) Chrome/143.0.7499.192 Mobile Safari/537.36 (compatible; GoogleOther)"
66.249.66.11 - - [15/Jan/2026:09:13:54 -0500] "GET /products/9630325 HTTP/1.1" 200 23184 "-" "Mozilla/5.0 (Linux; Android 6.0.1; Nexus 5X Build/MMB29P) AppleWebKit/537.36 (KHTML, like Gecko) Chrome/143.0.7499.192 Mobile Safari/537.36 (compatible; Googlebot/2.1; +http://www.google.com/bot.html)"
103.212.208.189 - - [15/Jan/2026:09:13:55 -0500] "GET /products/9225381 HTTP/1.1" 404 29827 "-" "Mozilla/5.0 (Windows; U; Windows NT 6.1; en-US; rv:1.9.2.13) Gecko/20101213 Opera/9.80 (Windows NT 6.1; U; zh-tw) Presto/2.7.62 Version/11.01"
